 are the prime factors of 85220908?
2, 29, 734663
What are the prime factors of 39071763?
3, 17, 255371
What are the prime factors of 45717798?
2, 3, 7, 1088519
What are the prime factors of 4447254923?
37, 167, 233, 3089
List the prime factors of 75117672.
2, 3, 7, 49681
List the prime factors of 874774289.
874774289
List the prime factors of 437145813.
3, 13, 41, 91129
List the prime factors of 1056353916.
2, 3, 173, 508841
What are the prime factors of 122449987?
11, 97, 114761
List the prime factors of 73006518.
2, 3, 13, 43, 21767
What are the prime factors of 1458054723?
3, 163, 2981707
List the prime factors of 1662727130.
2, 5, 53, 1033, 3037
List the prime factors of 1047605576.
2, 2039, 64223
What are the prime factors of 9323830?
2, 5, 193, 4831
List the prime factors of 1530903776.
2, 1481, 32303
List the prime factors of 120409055.
5, 13, 1852447
What are the prime factors of 7156860?
2, 3, 5, 101, 1181
List the prime factors of 3473587974.
2, 3, 641, 1409
What are the prime factors of 170128475?
5, 11, 41, 79, 191
What are the prime factors of 33552583?
33552583
List the prime factors of 617138372.
2, 154284593
What are the prime factors of 7967786?
2, 3983893
List the prime factors of 212859203.
212859203
What are the prime factors of 3099251094?
2, 3, 89, 5803841
What are the prime factors of 981478259?
31, 31660589
What are the prime factors of 365562215?
5, 73112443
What are the prime factors of 444730949?
13, 34210073
What are the prime factors of 1213679421?
3, 1381, 97649
What are the prime factors of 5733610706?
2, 17, 23, 29, 252827
What are the prime factors of 70338714?
2, 3, 11723119
List the prime factors of 1207242031.
37, 3079, 10597
List the prime factors of 32397094.
2, 16198547
List the prime factors of 839070667.
839070667
List the prime factors of 189438915.
3, 5, 127, 277, 359
List the prime factors of 773512073.
773512073
What are the prime factors of 1044568774?
2, 17, 151, 203461
List the prime factors of 997092498.
2, 3, 47, 53, 66713
List the prime factors of 111226765.
5, 13, 1711181
List the prime factors of 270108479.
239, 457, 2473
What are the prime factors of 52079791?
2267, 22973
What are the prime factors of 4102062224?
2, 13, 643, 30671
What are the prime factors of 222999116?
2, 1259, 44281
What are the prime factors of 58814960?
2, 5, 735187
What are the prime factors of 648721826?
2, 19, 17071627
List the prime factors of 267275329.
1669, 160141
List the prime factors of 15310117.
15310117
What are the prime factors of 474657621?
3, 158219207
What are the prime factors of 7119952114?
2, 11, 67, 4830361
What are the prime factors of 139066993?
13, 23, 465107
What are the prime factors of 182499791?
787, 231893
List the prime factors of 1911894007.
37, 347, 148913
What are the prime factors of 630560874?
2, 3, 1301, 80779
List the prime factors of 7302814.
2, 3651407
What are the prime factors of 299471379?
3, 3257, 30649
What are the prime factors of 1645736284?
2, 53, 83, 93529
List the prime factors of 1163462725.
5, 1129, 41221
List the prime factors of 61002886.
2, 7, 4357349
What are the prime factors of 158013554?
2, 79006777
List the prime factors of 515369278.
2, 257684639
List the prime factors of 232626142.
2, 7, 4001, 4153
What are the prime factors of 74145814?
2, 37072907
List the prime factors of 176224748.
2, 7, 1259, 4999
List the prime factors of 168494760.
2, 3, 5, 7, 66863
What are the prime factors of 165159038?
2, 11, 101, 239, 311
What are the prime factors of 55863513?
3, 17, 13523
What are the prime factors of 444753951?
3, 148251317
What are the prime factors of 215053702?
2, 59, 181, 10069
List the prime factors of 210609104.
2, 13163069
What are the prime factors of 3394712519?
11, 37, 8340817
What are the prime factors of 905972553?
3, 23, 59, 79, 313
List the prime factors of 406516414.
2, 73, 2784359
What are the prime factors of 1361817160?
2, 5, 11, 1151, 2689
List the prime factors of 70349349.
3, 7, 17, 28151
What are the prime factors of 1500148155?
3, 5, 11, 9091807
List the prime factors of 1564879998.
2, 3, 11, 37, 241, 2659
What are the prime factors of 364705076?
2, 19, 4798751
What are the prime factors of 8717488?
2, 13, 41911
What are the prime factors of 16886712?
2, 3, 17, 41389
What are the prime factors of 307239843?
3, 211, 485371
What are the prime factors of 278505681?
3, 2797, 33191
What are the prime factors of 63527338?
2, 7, 821, 5527
What are the prime factors of 191290144?
2, 43, 53, 61
What are the prime factors of 313880921?
31, 10125191
List the prime factors of 62993872.
2, 23, 171179
What are the prime factors of 140885941?
7, 20126563
List the prime factors of 497155741.
23, 53, 313, 1303
List the prime factors of 419990753.
7, 13, 4615283
What are the prime factors of 254470466?
2, 127235233
List the prime factors of 959365799.
7, 89, 1539913
List the prime factors of 101370406.
2, 2833, 17891
What are the prime factors of 74240660?
2, 5, 13, 31, 61, 151
List the prime factors of 3612385350.
2, 3, 5, 7, 109, 167
List the prime factors of 56739713.
83, 103, 6637
What are the prime factors of 65846202?
2, 3, 17, 229, 2819
List the prime factors of 320712734.
2, 1597, 100411
List the prime factors of 695624550.
2, 3, 5, 4637497
List the prime factors of 783906250.
2, 5, 29, 173
What are the prime factors of 50286924?
2, 3, 23, 60733
List the prime factors of 549218643.
3, 17, 10768993
What are the prime factors of 386978686?
2, 193489343
What are the prime factors of 163465990?
2, 5, 59, 461, 601
What are the prime factors of 1940520074?
2, 23, 42185219
List the prime factors of 197806803.
3, 211, 1481
What are the prime factors of 45513444?
2, 3, 41, 92507
What are the prime factors of 3364704084?
2, 3, 7, 131, 305771
List the prime factors of 240148593.
3, 43, 419, 1481
What are the prime factors of 60247955?
5, 19, 107, 5927
List the prime factors of 11386190.
2, 5, 179, 6361
List the prime factors of 14237731.
14237731
List the prime factors of 67337075.
5, 13, 207191
List the prime factors of 3535435579.
13, 31, 631, 13903
List the prime factors of 4713506.
2, 7, 6871
List the prime factors of 59214049.
433, 136753
List the prime factors of 19351164.
2, 3, 7, 107, 2153
What are the prime factors of 92765631?
3, 7, 4417411
What are the prime factors of 130395418?
2, 23, 2834683
List the prime factors of 393498441.
3, 7, 37, 223, 757
List the prime factors of 56990281.
823, 69247
List the prime factors of 13732977.
3, 47, 97397
What are the prime factors of 177068842?
2, 191, 463531
What are the prime factors of 3049324510?
2, 5, 17, 17937203
List the prime factors of 4232289402.
2, 3, 11, 21375199
List the prime factors of 86622628.
2, 21655657
List the prime factors of 3722616684.
2, 3, 17, 2027569
List the prime factors of 488036760.
2, 3, 5, 1049, 3877
What are the prime factors of 90557601?
3, 23, 907, 1447
What are the prime factors of 721640429?
17, 83, 511439
List the prime factors of 1237101786.
2, 3, 1951, 35227
What are the prime factors of 784196567?
7, 11, 10184371
List the prime factors of 731154185.
5, 146230837
List the prime factors of 3008330644.
2, 11, 31, 2205521
List the prime factors of 110270683.
110270683
What are the prime factors of 75202036?
2, 7, 13, 41, 5039
List the prime factors of 409491888.
2, 3, 13, 656237
List the prime factors of 3627004208.
2, 226687763
List the prime factors of 50351470.
2, 5, 13, 157, 2467
List the prime factors of 29829467.
1979, 15073
List the prime factors of 43137413.
11, 29, 4663
What are the prime factors of 21133356?
2, 3, 107, 109, 151
What are the prime factors of 286701945?
3, 5, 59, 323957
What are the prime factors of 186973031?
7, 2113, 12641
What are the prime factors of 46647989?
127, 367307
What are the prime factors of 1309103772?
2, 3, 6101, 17881
What are the prime factors of 518660139?
3, 1907, 90659
List the prime factors of 1355752708.
2, 571, 593587
List the prime factors of 220734130.
2, 5, 22073413
What are the prime factors of 114914200?
2, 5, 443, 1297
What are the prime factors of 221243816?
2, 1181, 23417
What are the prime factors of 2611450831?
11, 8731, 27191
What are the prime factors of 1520585528?
2, 7, 11, 149, 16567
What are the prime 